osite number?
True
Is 396189041 a composite number?
False
Is 331277794 a prime number?
False
Is 3666930721 composite?
True
Is 246829937 prime?
True
Is 3321068189 prime?
False
Is 332230994189 a prime number?
True
Is 5249212633 composite?
True
Is 4506133857 composite?
True
Is 31945927703 a composite number?
False
Is 1999319111 a prime number?
True
Is 221106061145 composite?
True
Is 837982603 a composite number?
True
Is 105155639 prime?
True
Is 1098038819 a prime number?
False
Is 139944179 composite?
False
Is 53958602861 composite?
False
Is 2290042667 composite?
True
Is 68864820749 a composite number?
True
Is 7863567557 composite?
True
Is 4837487243 prime?
True
Is 97667174621 composite?
False
Is 37138324211 a prime number?
False
Is 23525694827 a prime number?
False
Is 3996569441 a composite number?
False
Is 6320385899 prime?
True
Is 59286459523 a composite number?
False
Is 11383555801 a composite number?
False
Is 4389758561 composite?
False
Is 454624409 prime?
True
Is 4114298051 a prime number?
True
Is 8343227273 prime?
False
Is 11153536753 composite?
False
Is 7269510161 composite?
False
Is 48412127 prime?
False
Is 6599602573 a prime number?
True
Is 49126691 prime?
True
Is 914171023 a composite number?
False
Is 139155403 a prime number?
False
Is 463475899 composite?
False
Is 72560923 composite?
False
Is 40371762619 composite?
False
Is 28081432705 a prime number?
False
Is 270990541 composite?
False
Is 514603599 a prime number?
False
Is 41116008893 a prime number?
False
Is 1781736451 a prime number?
False
Is 184767287 composite?
True
Is 1476221683 prime?
True
Is 100798632827 a prime number?
True
Is 696572087 a prime number?
True
Is 1352077271 composite?
False
Is 11844256027 a prime number?
True
Is 969673511 prime?
True
Is 5246561189 a prime number?
False
Is 364960547 prime?
False
Is 14532805907 a prime number?
False
Is 2382465941 a composite number?
True
Is 20262751 prime?
True
Is 274679011 prime?
True
Is 1818784439 composite?
False
Is 590957029 composite?
True
Is 560361037 prime?
False
Is 28675191199 prime?
True
Is 320369359 a composite number?
True
Is 544336157 a prime number?
True
Is 96823534435 a composite number?
True
Is 1494531707 a prime number?
True
Is 71382929869 prime?
True
Is 2446182107 a prime number?
True
Is 10230900073 a prime number?
True
Is 11804763953 a composite number?
False
Is 1195815017 prime?
True
Is 84728691623 prime?
False
Is 45695874937 prime?
False
Is 2283301927 prime?
True
Is 36539872891 composite?
True
Is 45918287803 a prime number?
False
Is 2892407051 prime?
True
Is 2094580643 a composite number?
False
Is 12938623 prime?
True
Is 1817848067 composite?
True
Is 99132769459 a prime number?
False
Is 11580337147 a prime number?
False
Is 185977861565 a composite number?
True
Is 2951692805 prime?
False
Is 85418114963 composite?
False
Is 326197777 a composite number?
False
Is 7296573793 prime?
True
Is 1417258294 a prime number?
False
Is 1586825661 prime?
False
Is 101273736491 a prime number?
True
Is 26082587967 composite?
True
Is 1991887253 prime?
True
Is 21193387147 a composite number?
False
Is 786279941 a composite number?
False
Is 11328779359 prime?
False
Is 58809054953 a composite number?
True
Is 152131631 prime?
True
Is 558252821 a composite number?
True
Is 149375243 a composite number?
True
Is 4035926231 prime?
True
Is 23238955789 composite?
True
Is 28747531699 a composite number?
True
Is 79395408247 composite?
False
Is 24445025063 a composite number?
True
Is 333169099 prime?
False
Is 76597313857 a composite number?
True
Is 30848287 a prime number?
True
Is 16744461521 composite?
False
Is 13665366227 a prime number?
False
Is 57151549085 a composite number?
True
Is 74088437 a composite number?
False
Is 633032987 composite?
False
Is 4013591537 a prime number?
True
Is 1273141451 prime?
False
Is 8340405583 prime?
True
Is 104236985 a composite number?
True
Is 21211879 a composite number?
True
Is 551860867 a composite number?
False
Is 9436415851 prime?
True
Is 4572022439 a prime number?
False
Is 1516568171 a prime number?
True
Is 10781728121 composite?
True
Is 1473004109 a composite number?
False
Is 449448551 a composite number?
True
Is 304525367 composite?
False
Is 427334551 prime?
False
Is 4493931719 a composite number?
True
Is 6549602561 prime?
False
Is 9111378261 prime?
False
Is 99806530685 composite?
True
Is 545978219 prime?
True
Is 32083304053 composite?
True
Is 331989949 composite?
False
Is 1326347549 prime?
False
Is 3488457397 prime?
True
Is 281907257 composite?
True
Is 849026797 composite?
False
Is 1391675699 composite?
False
Is 14054027927 a prime number?
True
Is 4439502383 prime?
False
Is 69040788241 prime?
True
Is 34752802339 a composite number?
False
Is 30412031057 a prime number?
True
Is 7903573131 composite?
True
Is 21716574313 prime?
False
Is 1165428317 prime?
False
Is 31563703513 a prime number?
True
Is 31240950533 a composite number?
True
Is 882803723 a prime number?
True
Is 9439621109 a prime number?
True
Is 265358449 composite?
True
Is 645937021 prime?
True
Is 68014629379 prime?
False
Is 1229658179 a composite number?
False
Is 3228840529 composite?
False
Is 654909679 a composite number?
True
Is 372222811 composite?
False
Is 25631109277 a prime number?
False
Is 3330740137 a prime number?
True
Is 275947793807 composite?
True
Is 46201789 a composite number?
True
Is 77510263339 a composite number?
False
Is 1523206939 a prime number?
True
Is 20493885007 composite?
True
Is 1449686897 a prime number?
False
Is 452195509 prime?
True
Is 176450656177 prime?
True
Is 11249567837 a composite number?
True
Is 4059550723 a composite number?
False
Is 1293178651 a prime number?
False
Is 36117301303 a prime number?
True
Is 4443221049 a composite number?
True
Is 3673395197 a composite number?
False
Is 94844017199 a composite number?
False
Is 1308836323 composite?
True
Is 1426977821 a prime number?
False
Is 78508906733 a composite number?
False
Is 23109764089 composite?
False
Is 16846597799 a composite number?
False
Is 4333071071 a prime number?
False
Is 68788301 composite?
False
Is 437019971 prime?
False
Is 2554466417 a composite number?
True
Is 767458569 prime?
False
Is 439891442 a prime number?
False
Is 12767424317 a prime number?
True
Is 1407623753 a composite number?
False
Is 187728969 composite?
True
Is 26976979511 a prime number?
True
Is 946524469 prime?
False
Is 2158195667 prime?
False
Is 932526913 composite?
False
Is 217387439 prime?
True
Is 1104303107 a composite number?
True
Is 67467802973 a composite number?
False
Is 241365827 a composite number?
False
Is 100262563913 prime?
True
Is 715999391 prime?
True
Is 2130286247 a prime number?
True
Is 3870283279 prime?
True
Is 16575404021 prime?
False
Is 1469925607 composite?
True
Is 2840473787 a prime number?
True
Is 41075888911 prime?
True
Is 11954285891 a prime number?
False
Is 5564142707 a composite number?
False
Is 5560895729 prime?
True
Is 2371357589 a composite number?
True
Is 1117265957 composite?
False
Is 62139059 a composite number?
False
Is 1473260129 a composite number?
True
Is 1064622389 a composite number?
False
Is 9748251043 composite?
False
Is 3599348791 prime?
False
Is 299450610577 a composite number?
True
Is 2559206851 prime?
False
Is 85223517961 a composite number?
False
Is 131437225081 a prime number?
True
Is 11953136459 a prime number?
False
Is 6666444401 a composite number?
True
Is 2453163437 a composite number?
True
Is 3348661367 a composite number?
False
Is 336283949 composite?
False
Is 1214690363 composite?
False
Is 113848437467 a prime number?
True
Is 753600557 composite?
True
Is 20298439901 prime?
True
Is 125350507 composite?
False
Is 2464420787 a composite number?
False
Is 1889578771 composite?
True
Is 151601576377 composite?
True
Is 35800271863 prime?
False
Is 9156209509 a prime number?
False
Is 1664487941 a composite number?
False
Is 68100224263 composite?
False
Is 963387281 composite?
False
Is 273186271 a prime number?
False
Is 355425157 a composite number?
False
Is 414573119 prime?
False
Is 10623525049 a composite number?
True
Is 16090237307 prime?
True
Is 120179977 composite?
True
Is 944565269 a composite number?
True
Is 15216159241 a prime number?
False
Is 62094426461 composite?
False
Is 112827005087 a composite number?
False
Is 21390362755 